f 30033 and 60912?
423
Calculate the greatest common divisor of 440 and 572990.
110
What is the highest common factor of 30225 and 26?
13
Calculate the highest common factor of 210 and 12228720.
210
Calculate the greatest common factor of 45 and 1186145.
5
What is the highest common factor of 238 and 74606?
14
What is the greatest common factor of 279 and 474021?
279
What is the highest common factor of 14263 and 799?
17
What is the highest common divisor of 126 and 11358?
18
What is the highest common factor of 173696 and 192832?
1472
What is the greatest common factor of 59332 and 57512?
364
What is the greatest common factor of 220 and 28660?
20
What is the highest common divisor of 1711 and 642901?
29
Calculate the greatest common divisor of 1592990 and 980.
490
Calculate the greatest common factor of 190 and 4750988.
38
Calculate the greatest common factor of 2093026 and 790.
158
Calculate the highest common factor of 580 and 42659.
29
What is the greatest common factor of 380 and 489820?
380
What is the highest common factor of 76 and 692?
4
Calculate the greatest common divisor of 23779 and 259.
7
What is the greatest common factor of 493861 and 356?
89
Calculate the highest common factor of 3792 and 3024.
48
Calculate the highest common factor of 593947 and 417.
139
What is the greatest common divisor of 2664519 and 3003?
429
Calculate the highest common factor of 796770 and 1589.
227
What is the greatest common factor of 12932 and 4636?
244
What is the greatest common divisor of 11998 and 266?
14
What is the highest common divisor of 57 and 103911?
57
What is the highest common factor of 12766 and 156?
26
Calculate the highest common divisor of 114495 and 255.
255
Calculate the highest common factor of 670170 and 502.
502
What is the highest common divisor of 5386922 and 46?
46
Calculate the highest common divisor of 291 and 205931.
97
What is the highest common divisor of 1 and 17971?
1
Calculate the greatest common factor of 12933 and 125977.
479
What is the greatest common divisor of 805623 and 908?
227
Calculate the greatest common divisor of 2415 and 520835.
805
What is the highest common divisor of 340 and 1083580?
340
What is the greatest common factor of 5412 and 74292?
492
Calculate the greatest common divisor of 197490 and 1335.
15
Calculate the highest common factor of 539198 and 22.
22
What is the highest common divisor of 215270 and 950?
190
Calculate the greatest common divisor of 27193 and 30601.
71
Calculate the greatest common factor of 42 and 1816986.
6
Calculate the greatest common divisor of 1302357 and 21.
21
What is the greatest common factor of 174817 and 59?
59
Calculate the greatest common divisor of 2261038 and 460.
46
What is the highest common divisor of 41726 and 1922?
62
What is the highest common factor of 70490 and 570?
190
What is the greatest common divisor of 392728 and 168?
56
What is the greatest common divisor of 36 and 80262?
18
Calculate the highest common divisor of 536 and 1298326.
134
Calculate the greatest common divisor of 1274 and 806988.
182
What is the greatest common divisor of 1867816 and 16?
8
What is the highest common divisor of 24 and 471036?
12
Calculate the greatest common divisor of 385986 and 5658.
138
What is the highest common factor of 5736 and 96?
24
Calculate the highest common divisor of 10769 and 163493.
979
What is the greatest common factor of 81 and 1344438?
81
Calculate the highest common divisor of 6525 and 21075.
75
Calculate the greatest common divisor of 56887 and 1304.
163
Calculate the greatest common factor of 1988 and 4228.
28
Calculate the greatest common divisor of 319 and 3157.
11
Calculate the greatest common divisor of 538111 and 182.
7
What is the greatest common factor of 6328 and 224?
56
What is the highest common factor of 2 and 277668?
2
Calculate the greatest common factor of 2272 and 232028.
284
What is the greatest common divisor of 4810 and 390?
130
What is the greatest common divisor of 35 and 203?
7
Calculate the greatest common factor of 238 and 2506.
14
What is the greatest common factor of 171 and 100453?
19
What is the greatest common divisor of 182510 and 20?
10
Calculate the greatest common divisor of 21833 and 42.
7
What is the greatest common factor of 3103 and 1073?
29
Calculate the highest common factor of 164618 and 212.
106
Calculate the greatest common divisor of 396 and 1650.
66
What is the highest common divisor of 2413 and 190?
19
Calculate the greatest common divisor of 682 and 10978.
22
What is the highest common factor of 1013840 and 1140?
380
Calculate the highest common factor of 5600680 and 8.
8
What is the greatest common divisor of 259 and 1008?
7
What is the greatest common factor of 88 and 445478?
22
What is the greatest common factor of 37017 and 162?
81
What is the highest common factor of 7442 and 122?
122
What is the highest common divisor of 2520 and 399240?
360
Calculate the greatest common divisor of 165236 and 84.
4
Calculate the greatest common factor of 1054446 and 976.
122
What is the highest common divisor of 10478 and 416?
26
What is the greatest common factor of 439597 and 109?
109
Calculate the highest common divisor of 10607140 and 460.
460
What is the highest common divisor of 106168 and 184?
184
Calculate the highest common factor of 272172 and 24.
12
Calculate the highest common factor of 423 and 18486.
9
What is the highest common divisor of 2178 and 21186?
198
What is the greatest common factor of 1053 and 115128?
351
What is the highest common divisor of 33 and 2236201?
11
Calculate the greatest common factor of 1555 and 4.
1
What is the greatest common divisor of 5952994 and 4124?
2062
What is the highest common divisor of 102297 and 63726?
1677
What is the highest common factor of 8 and 20288?
8
What is the highest common divisor of 24702 and 1611?
537
Calculate the highest common factor of 627 and 1767.
57
What is the highest common factor of 9537 and 1343850?
867
What is the highest common divisor of 822 and 359762?
274
Calculate the greatest common factor of 324 and 46278.
54
Calculate the highest common factor of 117 and 12051.
117
What is the greatest common divisor of 778015 and 56?
7
What is the highest common divisor of 12890 and 30?
10
What is the highest common factor of 6 and 12498?
6
Calculate the greatest common factor of 1517 and 10701.
41
What is the highest common divisor of 44307 and 351?
27
Calculate the greatest common divisor of 91 and 75231.
13
What is the greatest common factor of 3680928 and 27?
9
Calculate the highest common factor of 4921449 and 1989.
663
Calculate the greatest common factor of 288112 and 99.
11
Calculate the highest common divisor of 165 and 2013.
33
What is the greatest common divisor of 1375 and 139975?
275
What is the highest common factor of 1159404 and 3792?
948
What is the greatest common factor of 515 and 246067?
103
What is the greatest common factor of 19693 and 799?
47
Calculate the greatest common divisor of 31979 and 452.
113
Calculate the greatest common divisor of 597588 and 1140.
228
Calculate the greatest common divisor of 6210 and 945.
135
What is the greatest common factor of 9023320 and 120?
40
Calculate the highest common divisor of 1474 and 117183.
737
Calculate the greatest common divisor of 55510 and 980.
70
What is the greatest common divisor of 95 and 84759?
19
Calculate the greatest common divisor of 946 and 20640.
86
What is the highest common factor of 1099017 and 18?
9
What is the highest common divisor of 4664 and 1320?
88
Calculate the greatest common divisor of 21626 and 33.
11
What is the highest common divisor of 5247 and 5141?
53
Calculate the highest common factor of 2994 and 5400.
6
What is the greatest common divisor of 111957 and 603?
201
What is the greatest common factor of 364553 and 57?
19
Calculate the greatest common divisor of 17 and 19244.
17
Calculate the greatest common factor of 5248 and 6109.
41
Calculate the greatest common factor of 5921 and 251547.
191
What is the highest common divisor of 30488 and 12432?
296
What is the greatest common factor of 10985 and 45?
5
Calculate the highest common factor of 36 and 42072.
12
Calculate the highest common divisor of 346 and 1094917.
173
What is the high